{"id":53,"date":"2022-11-19T09:43:37","date_gmt":"2022-11-19T08:43:37","guid":{"rendered":"https:\/\/test.feuerwehrdelingsdorf.de\/index.php\/mesmerize\/"},"modified":"2023-03-27T19:22:00","modified_gmt":"2023-03-27T17:22:00","slug":"mesmerize","status":"publish","type":"page","link":"https:\/\/test.feuerwehrdelingsdorf.de\/","title":{"rendered":"Home"},"content":{"rendered":"<div id=\"overlappable-4\" class=\"overlappable-4 content-section content-section-spacing\" style=\"background-color: #ffffff;\" data-label=\"Overlappable\" data-id=\"overlappable-4\" data-export-id=\"overlappable-4\" data-category=\"overlappable\" data-overlap=\"true\">\r\n<div class=\"gridContainer\">\r\n<div class=\"row spaced-cols text-center\" data-type=\"row\">\r\n<div class=\"col-xs-12 col-sm-4 col-padding\">\r\n\r\n<i class=\"fa icon shadow-large-black aligncenter color1 fa-clock-o reverse round large\"><\/i>\r\n<div class=\"\" data-type=\"column\">\r\n<h4 class=\"\">24\/7 im Einsatz<\/h4>\r\n<p class=\"\">Wir sind 24 Stunden 7 Tage die Woche f\u00fcr Euch in Einsatzbereitschaft!<\/p>\r\n\r\n<\/div>\r\n<\/div>\r\n<div class=\"col-xs-12 col-sm-4 col-padding\">\r\n\r\n<i class=\"fa icon shadow-large-black aligncenter color1 fa-users reverse round large\"><\/i>\r\n<div class=\"\" data-type=\"column\">\r\n<h4 class=\"\">2.300 Einwohner<\/h4>\r\n<p class=\"\">Im Delingsdorfer Gebiet sch\u00fctzen wir ca. 2.300 Einwohner. Au\u00dferdem gilt es f\u00fcr uns \u00a0auch die insgesamt<\/p>\r\nca. 15.000 Einwohner des\r\n\r\nAmtes Bargteheide-Land zu sch\u00fctzen.\r\n\r\n<\/div>\r\n<\/div>\r\n<div class=\"col-xs-12 col-sm-4 col-padding\">\r\n\r\n<i class=\"fa icon shadow-large-black aligncenter color1 fa-fire-extinguisher reverse round large\"><\/i>\r\n<div class=\"\" data-type=\"column\">\r\n<h4 class=\"\">225 Mitglieder<\/h4>\r\n<p class=\"\">Unter den ca. 225 Mitgliedern der Feuerwehr Delingsdorf z\u00e4hlen<\/p>\r\nca. 40 aktive Mitglieder\r\n25 Jugendfeuerwehr Mitglieder\r\n\r\n15 ehren Mitglieder\r\n145 f\u00f6rdernde Mitglieder.\r\n\r\n<\/div>\r\n<\/div>\r\n<\/div>\r\n<\/div>\r\n<\/div>\r\n<div id=\"latest-news-1\" class=\"blog-section blog-section-standard content-section content-section-spacing\" style=\"background-color: #f5fafd;\" data-label=\"Latest-news\" data-id=\"blog-section\" data-export-id=\"blog-section\" data-category=\"latest_news\">\r\n<div class=\"gridContainer\">\r\n<div class=\"row\">\r\n<div class=\"section-title-col\" data-type=\"column\">\r\n<h2 class=\"\">Teile deine Bilder mit uns!<\/h2>\r\n<p class=\"lead\">Du hast Bilder von uns gemacht?\r\nLade diese unter dem unterstehenden Link hoch!<\/p>\r\n\r\n<\/div>\r\n<\/div>\r\n<div class=\"row\">\r\n<div class=\"text-center\"><a class=\"button color1\" href=\"https:\/\/nextcloud.feuerwehrdelingsdorf.de\/index.php\/s\/fdRPbSCGRnDZkmZ\" target=\"_blank\" rel=\"noopener\">Jetzt Hochladen!<\/a><\/div>\r\n<\/div>\r\n<\/div>\r\n<\/div>\r\n<div id=\"cta-1\" class=\"cta-blue-section content-section content-section-spacing-medium bg-color1 white-text\" data-label=\"Cta\" data-id=\"cta-blue-section\" data-export-id=\"cta-blue-section\" data-category=\"cta\">\r\n<div class=\"gridContainer\">\r\n<div class=\"row middle-xs\">\r\n<div class=\"col-sm-8 space-bottom-xs\" data-type=\"column\">\r\n<h3 class=\"\">Du willst ein Teil der Feuerwehr werden?<\/h3>\r\nLade dir den Aufnahmeantrag herunter!\r\n\r\n<\/div>\r\n<div class=\"col-sm-4 end-sm\" data-type=\"column\"><a class=\"button color2\" href=\"https:\/\/test.feuerwehrdelingsdorf.de\/index.php\/antraege\" data-cp-link=\"1\" rel=\"noopener\">Zum Download<\/a><\/div>\r\n<\/div>\r\n<\/div>\r\n<\/div>\r\n<div id=\"latest-news-1\" class=\"blog-section blog-section-standard content-section content-section-spacing\" style=\"background-color: #f5fafd;\" data-label=\"Latest-news\" data-id=\"blog-section\" data-export-id=\"blog-section\" data-category=\"latest_news\">\r\n<div class=\"gridContainer\">\r\n<div class=\"row\"><\/div>\r\n<\/div>\r\n<\/div>\r\n<div data-label=\"Testimonials\" data-id=\"testimonials--1\" data-export-id=\"testimonials-1\" data-category=\"testimonials\" class=\"testimonials-1 content-section content-section-spacing\" id=\"testimonials-1\" style=\"background-color: #ffffff; background-image: none;\">\r\n<div class=\"gridContainer\">\r\n<div class=\"row\">\r\n<div data-type=\"column\" class=\"section-title-col\">\r\n<h2 class=\"\">Spende f\u00fcr deine Feuerwehr!<\/h2>\r\n<p class=\"lead\">Nutze einfach die unten stehenden QR Codes oder klicke auf den Link.\r\nWenn du kein PayPal haben solltest und dennoch Spenden m\u00f6chtest, kannst du gerne die <a href=\"https:\/\/test.feuerwehrdelingsdorf.de\/index.php\/einsatzabteilung\/vorstand\/\">Wehrf\u00fchrung<\/a> kontaktieren.<\/p>\r\n\r\n<\/div>\r\n<\/div>\r\n<div class=\"row spaced-cols content-center-sm center-sm\" data-type=\"row\">\r\n<div class=\"col-xs-12 col-sm-6 col-md-4\">\r\n\r\n<img loading=\"lazy\" decoding=\"async\" src=\"https:\/\/test.feuerwehrdelingsdorf.de\/wp-content\/uploads\/2022\/11\/cropped-Feuerwehr_RLBS_Logo2.svg_-1-300x300-ral3020-favicon.png.webp-150x150.webp\" alt=\"\" class=\"alignnone wp-image-206 size-thumbnail\" srcset=\"https:\/\/test.feuerwehrdelingsdorf.de\/wp-content\/uploads\/2022\/11\/cropped-Feuerwehr_RLBS_Logo2.svg_-1-300x300-ral3020-favicon.png.webp-150x150.webp 150w, https:\/\/test.feuerwehrdelingsdorf.de\/wp-content\/uploads\/2022\/11\/cropped-Feuerwehr_RLBS_Logo2.svg_-1-300x300-ral3020-favicon.png.webp-300x300.webp 300w, https:\/\/test.feuerwehrdelingsdorf.de\/wp-content\/uploads\/2022\/11\/cropped-Feuerwehr_RLBS_Logo2.svg_-1-300x300-ral3020-favicon.png.webp.webp 512w\" sizes=\"auto, (max-width: 150px) 100vw, 150px\" width=\"150\" height=\"150\" \/>\r\n<h4 class=\"\">Einsatzabteilung<\/h4>\r\n<a class=\"button color1\" href=\"#\" target=\"_blank\" rel=\"noopener\">Hier Spenden!<\/a>\r\n\r\n<\/div>\r\n<div class=\"col-xs-12 col-sm-6 col-md-4\">\r\n\r\n<img decoding=\"async\" loading=\"lazy\" src=\"https:\/\/test.feuerwehrdelingsdorf.de\/wp-content\/uploads\/2022\/11\/qrcode-150x150.png\" alt=\"\" class=\"alignnone wp-image-267 size-thumbnail\" srcset=\"https:\/\/test.feuerwehrdelingsdorf.de\/wp-content\/uploads\/2022\/11\/qrcode-150x150.png 150w, https:\/\/test.feuerwehrdelingsdorf.de\/wp-content\/uploads\/2022\/11\/qrcode-300x300.png 300w, https:\/\/test.feuerwehrdelingsdorf.de\/wp-content\/uploads\/2022\/11\/qrcode.png 500w\" sizes=\"auto, (max-width: 150px) 100vw, 150px\" width=\"150\" height=\"150\" \/>\r\n<h4 class=\"\">Jugendfeuerwehr<\/h4>\r\n<a class=\"button color1\" href=\"https:\/\/www.paypal.com\/qrcodes\/managed\/e95b0364-9a9c-45a1-912e-98484279fa84?utm_source=consweb_more\" target=\"_blank\" rel=\"noopener\">Hier Spenden!<\/a>\r\n\r\n<\/div>\r\n<\/div>\r\n<\/div>\r\n<\/div>","protected":false},"excerpt":{"rendered":"<p>24\/7 im Einsatz Wir sind 24 Stunden 7 Tage die Woche f\u00fcr Euch in Einsatzbereitschaft! 2.300 Einwohner Im Delingsdorfer Gebiet sch\u00fctzen wir ca. 2.300 Einwohner. Au\u00dferdem gilt es f\u00fcr uns \u00a0auch die insgesamt ca. 15.000 Einwohner des Amtes Bargteheide-Land zu sch\u00fctzen. 225 Mitglieder Unter den ca. 225 Mitgliedern der Feuerwehr Delingsdorf z\u00e4hlen ca. 40 aktive&hellip; <br \/> <a class=\"read-more\" href=\"https:\/\/test.feuerwehrdelingsdorf.de\/\">Weiterlesen<\/a><\/p>\n","protected":false},"author":6,"featured_media":0,"parent":0,"menu_order":0,"comment_status":"closed","ping_status":"closed","template":"page-templates\/homepage.php","meta":{"footnotes":""},"class_list":["post-53","page","type-page","status-publish","hentry"],"jetpack_sharing_enabled":true,"_links":{"self":[{"href":"https:\/\/test.feuerwehrdelingsdorf.de\/index.php\/wp-json\/wp\/v2\/pages\/53","targetHints":{"allow":["GET"]}}],"collection":[{"href":"https:\/\/test.feuerwehrdelingsdorf.de\/index.php\/wp-json\/wp\/v2\/pages"}],"about":[{"href":"https:\/\/test.feuerwehrdelingsdorf.de\/index.php\/wp-json\/wp\/v2\/types\/page"}],"author":[{"embeddable":true,"href":"https:\/\/test.feuerwehrdelingsdorf.de\/index.php\/wp-json\/wp\/v2\/users\/6"}],"replies":[{"embeddable":true,"href":"https:\/\/test.feuerwehrdelingsdorf.de\/index.php\/wp-json\/wp\/v2\/comments?post=53"}],"version-history":[{"count":50,"href":"https:\/\/test.feuerwehrdelingsdorf.de\/index.php\/wp-json\/wp\/v2\/pages\/53\/revisions"}],"predecessor-version":[{"id":507,"href":"https:\/\/test.feuerwehrdelingsdorf.de\/index.php\/wp-json\/wp\/v2\/pages\/53\/revisions\/507"}],"wp:attachment":[{"href":"https:\/\/test.feuerwehrdelingsdorf.de\/index.php\/wp-json\/wp\/v2\/media?parent=53"}],"curies":[{"name":"wp","href":"https:\/\/api.w.org\/{rel}","templated":true}]}}