{"id":258,"date":"2022-11-20T21:38:19","date_gmt":"2022-11-20T20:38:19","guid":{"rendered":"https:\/\/test.feuerwehrdelingsdorf.de\/?page_id=258"},"modified":"2023-01-12T16:40:28","modified_gmt":"2023-01-12T15:40:28","slug":"warn-app-nina","status":"publish","type":"page","link":"https:\/\/test.feuerwehrdelingsdorf.de\/index.php\/warn-app-nina\/","title":{"rendered":"Warn-App NINA"},"content":{"rendered":"<header class=\"entry-header\">\n<h1 class=\"entry-title\" style=\"text-align: center;\"><\/h1>\n<\/header>\n<div class=\"entry-content\">\n<p style=\"text-align: center;\">Mit der Notfall-Informations- und Nachrichten-App des Bundes, kurz Warn-App NINA, k\u00f6nnen Sie wichtige Warnmeldungen des Bev\u00f6lkerungsschutzes f\u00fcr unterschiedliche Gefahrenlagen wie zum Beispiel Gefahrstoffausbreitung oder einem Gro\u00dfbrand erhalten. Optional auch f\u00fcr Ihren aktuellen Standort. Wetterwarnungen des Deutschen Wetterdienstes und Hochwasserinformationen der zust\u00e4ndigen Stellen der Bundesl\u00e4nder sind ebenfalls in die Warn-App integriert.<\/p>\n<p style=\"text-align: center;\">Technischer Ausgangspunkt f\u00fcr NINA ist das modulare Warnsystem des Bundes (MoWaS). Dieses wird vom BBK f\u00fcr bundesweite Warnungen des Zivilschutzes betrieben. Seit 2013 k\u00f6nnen auch alle Lagezentren der L\u00e4nder und viele bereits angeschlossenen Leitstellen von St\u00e4dten und Kommunen das Warnsystem nutzen. In der Regel sind dies Feuerwehr- und Rettungsleitstellen, die Warnmeldungen f\u00fcr lokale Gefahrenlagen herausgeben.<\/p>\n<p style=\"text-align: center;\">Die Warn-App NINA ist ein schneller und effizienter Weg zum Schutze der Bev\u00f6lkerung. F\u00fcr die zust\u00e4ndigen Beh\u00f6rden des Zivil- und Katastrophenschutzes ist sie ein wichtiger Informationskanal, die Menschen \u00fcber Gefahren zu informieren und gleichzeitig konkrete Verhaltenshinweise zu geben.<br \/>\nNeben der Warnfunktion bietet die Warn-App NINA auch grundlegende Informationen und Notfalltipps zu Themen des Bev\u00f6lkerungsschutzes an.<\/p>\n<p style=\"text-align: center;\">Text und Bilder von: <a href=\"https:\/\/www.bbk.bund.de\/DE\/NINA\/Warn-App_NINA.html\" target=\"_blank\" rel=\"noopener\">Bundesamt f\u00fcr Bev\u00f6lkerungsschutz und Katastrophenhilfe<\/a><\/p>\n<\/div>\n","protected":false},"excerpt":{"rendered":"<p>Mit der Notfall-Informations- und Nachrichten-App des Bundes, kurz Warn-App NINA, k\u00f6nnen Sie wichtige Warnmeldungen des Bev\u00f6lkerungsschutzes f\u00fcr unterschiedliche Gefahrenlagen wie zum Beispiel Gefahrstoffausbreitung oder einem Gro\u00dfbrand erhalten. Optional auch f\u00fcr Ihren aktuellen Standort. Wetterwarnungen des Deutschen Wetterdienstes und Hochwasserinformationen der zust\u00e4ndigen Stellen der Bundesl\u00e4nder sind ebenfalls in die Warn-App integriert. Technischer Ausgangspunkt f\u00fcr NINA ist&hellip; <br \/> <a class=\"read-more\" href=\"https:\/\/test.feuerwehrdelingsdorf.de\/index.php\/warn-app-nina\/\">Weiterlesen<\/a><\/p>\n","protected":false},"author":6,"featured_media":0,"parent":0,"menu_order":0,"comment_status":"closed","ping_status":"closed","template":"","meta":{"footnotes":""},"class_list":["post-258","page","type-page","status-publish","hentry"],"jetpack_sharing_enabled":true,"_links":{"self":[{"href":"https:\/\/test.feuerwehrdelingsdorf.de\/index.php\/wp-json\/wp\/v2\/pages\/258","targetHints":{"allow":["GET"]}}],"collection":[{"href":"https:\/\/test.feuerwehrdelingsdorf.de\/index.php\/wp-json\/wp\/v2\/pages"}],"about":[{"href":"https:\/\/test.feuerwehrdelingsdorf.de\/index.php\/wp-json\/wp\/v2\/types\/page"}],"author":[{"embeddable":true,"href":"https:\/\/test.feuerwehrdelingsdorf.de\/index.php\/wp-json\/wp\/v2\/users\/6"}],"replies":[{"embeddable":true,"href":"https:\/\/test.feuerwehrdelingsdorf.de\/index.php\/wp-json\/wp\/v2\/comments?post=258"}],"version-history":[{"count":3,"href":"https:\/\/test.feuerwehrdelingsdorf.de\/index.php\/wp-json\/wp\/v2\/pages\/258\/revisions"}],"predecessor-version":[{"id":323,"href":"https:\/\/test.feuerwehrdelingsdorf.de\/index.php\/wp-json\/wp\/v2\/pages\/258\/revisions\/323"}],"wp:attachment":[{"href":"https:\/\/test.feuerwehrdelingsdorf.de\/index.php\/wp-json\/wp\/v2\/media?parent=258"}],"curies":[{"name":"wp","href":"https:\/\/api.w.org\/{rel}","templated":true}]}}